000
In base 3, what is 2 - 11222201120010?
-11222201120001
In base 11, what is 4 - 110217714?
-110217710
In base 6, what is -423 + 2135500?
2135033
In base 11, what is 1 - 59a367?
-59a366
In base 3, what is -21112020111022 + 2?
-21112020111020
In base 5, what is -14142 - 342110?
-411302
In base 11, what is -5a75040 - -11?
-5a7502a
In base 6, what is -45151040 - 11?
-45151051
In base 2, what is 11000001 + 111011110100001000?
111011110111001001
In base 4, what is -21 + -11320001213?
-11320001300
In base 11, what is 50401234 - -4?
50401238
In base 11, what is -34 + 11a626?
11a5a2
In base 5, what is 3411114024 + -3?
3411114021
In base 13, what is 39a78 + -59?
39a1c
In base 10, what is -82156378 - -1?
-82156377
In base 3, what is -1001011222 + 2022211122?
1021122200
In base 11, what is -58 + a21675?
a21618
In base 11, what is 496 + -21731a?
-216934
In base 8, what is 6 - 20104442?
-20104434
In base 8, what is 2 - -130362746?
130362750
In base 5, what is -40241242 + -224?
-40242021
In base 9, what is 3 + -4670286?
-4670283
In base 11, what is -5949590 + -27?
-5949607
In base 7, what is -45561 + 61313?
12422
In base 4, what is 333 - 11003330?
-11002331
In base 4, what is -10210 - 101231102?
-101301312
In base 12, what is 119 + -295651?
-295534
In base 11, what is 2 + -1045347?
-1045345
In base 11, what is 8a0 + -55269?
-54479
In base 13, what is 11210 - -3c0b?
1511b
In base 6, what is 13224312201 - 2?
13224312155
In base 9, what is -6672534 - 2?
-6672536
In base 10, what is 605583 - -5?
605588
In base 4, what is 121 + -31212032?
-31211311
In base 9, what is 737 + 80605?
81443
In base 10, what is 1852317 - -314?
1852631
In base 15, what is 254 - -1ce7?
204b
In base 14, what is 1 - 162d40?
-162d3d
In base 7, what is -2111545 - -265?
-2111250
In base 7, what is 12302 - 12200?
102
In base 12, what is 1 + 23574a?
23574b
In base 12, what is -14a70b8a + -2?
-14a70b90
In base 2, what is 11101010100100000101110 + -100?
11101010100100000101010
In base 15, what is c76e + 382?
cb01
In base 16, what is -69fd9a + 3?
-69fd97
In base 4, what is -202221303031 - -2?
-202221303023
In base 7, what is -1301 - 221555?
-223156
In base 13, what is -318 - -7b29?
7811
In base 2, what is -11101 - 111100101011000?
-111100101110101
In base 4, what is -223113321 - 1002?
-223120323
In base 7, what is -223325223 + -4?
-223325230
In base 13, what is bc57 + -1283?
a9a4
In base 7, what is -450 + 13201003?
13200223
In base 6, what is -245311 + 51115?
-154152
In base 9, what is 1157854 + -115?
1157738
In base 13, what is -c1b4221 + 2?
-c1b421c
In base 13, what is -6 - 7987c4?
-7987ca
In base 11, what is 513243aa + -a?
513243a0
In base 3, what is -10001022101 - -10212121?
-2220102210
In base 8, what is -77412311 - 3?
-77412314
In base 13, what is -3 + -ca980a8?
-ca980ab
In base 5, what is 1403 + -120100103?
-120043200
In base 12, what is 277 + 20323?
2059a
In base 11, what is 4a6503 + -899?
4a5715
In base 5, what is -1031413 + -34130?
-1121043
In base 11, what is -5 - 1531530a1?
-1531530a6
In base 4, what is 20031321200 + 10001?
20031331201
In base 4, what is -33 - 313212100?
-313212133
In base 5, what is 110232141443 - 4?
110232141434
In base 14, what is 464576 - 258?
46431c
In base 3, what is 10211 - 1100010111?
-1022222200
In base 6, what is 4 + 24125553331?
24125553335
In base 12, what is 1451828b + -3?
14518288
In base 3, what is -22210020022001 + -111?
-22210020022112
In base 10, what is 1465 - 6587?
-5122
In base 6, what is 35122151520 + 2?
35122151522
In base 7, what is -4205 + -1102024?
-1106232
In base 9, what is 13101 - 4733?
7257
In base 5, what is -104240430 + 3200?
-104232230
In base 15, what is 5 + -1408a065?
-1408a060
In base 11, what is a5 - -5218a?
52284
In base 5, what is 3 + 1131034332403?
1131034332411
In base 15, what is 29941 - -7b?
299bc
In base 16, what is 2b + -8d24b?
-8d220
In base 6, what is -3545234550 + 12?
-3545234534
In base 12, what is -19885a1 - -39?
-1988564
In base 8, what is 15356 - -1326?
16704
In base 2, what is -11000101111 - -1000000001110011?
111101001000100
In base 9, what is 1382635 + -235?
1382400
In base 12, what is 5b745 + -14?
5b731
In base 16, what is 3 - -c46c5?
c46c8
In base 6, what is -34412050 - 1040?
-34413130
In base 9, what is -20044581 - -4?
-20044576
In base 3, what is 201210121222011 + 2?
201210121222020
In base 4, what is -1 + -13232123013?
-13232123020
In base 7, what is 14310212 + -6?
14310203
In base 4, what is 1110321001233 - 1?
1110321001232
In base 7, what is 3515 - 1360?
2125
In base 12, what is 35b2 + -726?
2a88
In base 3, what is 2121 + 1011121212212?
1011121222110
In base 5, what is -11 - -323113334221?
323113334210
In base 10, what is -52482 - 1938?
-54420
In base 7, what is -11 + -402312?
-402323
In base 14, what is 26a6 - 125?
2581
In base 13, what is -107b - 43a2?
-5450
In base 15, what is a - -c866?
c871
In base 13, what is -358 + -33b5b?
-341b6
In base 4, what is 2 - -11021332102?
11021332110
In base 15, what is -8017d2ed + 3?
-8017d2ea
In base 2, what is -101 - -110001011000001111?
110001011000001010
In base 9, what is 1881 + 1873?
3864
In base 8, what is 62 - 162746?
-162664
In base 11, what is -2853 + 245?
-2609
In base 14, what is -1517d - -8d5?
-14688
In base 13, what is a50 + -a218?
-9498
In base 6, what is 25511210 - 120?
25511050
In base 11, what is 2326 + 8a70?
10296
In base 16, what is -585c8 - 1dd?
-587a5
In base 15, what is -3 + -edd6e2?
-edd6e5
In base 2, what is 1101110 - 11011111101010111011?
-11011111101001001101
In base 5, what is -4 - 333222430431?
-333222430440
In base 6, what is 1145515503 + -3?
1145515500
In base 6, what is -324413 - -101000?
-223413
In base 10, what is -2 + 538819?
538817
In base 6, what is 2005540 + -114?
2005422
In base 6, what is 21433313 + 4?
21433321
In base 15, what is 0 - 3a8590?
-3a8590
In base 6, what is 1545341 - -21?
1545402
In base 14, what is -1188 - -2d24?
1b7a
In base 4, what is -231100011121 + 12?
-231100011103
In base 2, what is -1001 + -1110011000111101111011?
-1110011000111110000100
In base 15, what is -368 + 5ca18?
5c6a0
In base 5, what is 23412412 - -20?
23412432
In base 7, what is -613 + -420440?
-421353
In base 8, what is -60157 + -3422?
-63601
In base 5, what is 3002413344 - -1?
3002413400
In base 6, what is -3 + -4523042012?
-4523042015
In base 15, what is -e6736e + 10?
-e6735e
In base 6, what is 100440 + -114421?
-13541
In base 6, what is -22550 + 214?
-22332
In base 9, what is -1465 - -17768?
16303
In base 9, what is 144148 - -35?
144184
In base 8, what is 21252 + 1057?
22331
In base 5, what is 211324421 + 10?
211324431
In base 9, what is 2 + 166324773?
166324775
In base 16, what is -1 + 27442?
27441
In base 8, what is 21507 - -5510?
27217
In base 4, what is 31321 + 102210301?
102302222
In base 11, what is a5684 - -5a?
a5733
In base 6, what is -35322213510 + 5?
-35322213501
In base 16, what is c755c3 - 3d?
c75586
In base 13, what is 15256ab - 4?
15256a7
In base 2, what is -1100 - 110111101100010001?
-110111101100011101
In base 9, what is -127445421 - -1?
-127445420
In base 12, what is 0 - -8501333?
8501333
In base 10, what is 271821 + 38?
271859
In base 13, what is c + 85895?
858a4
In base 16, what is 2bd + 1149?
1406
In base 10, what is 3 - 1320172?
-1320169
In base 11, what is 5 + -109330?
-109326
In base 12, what is -771ab + -3?
-771b2
In base 4, what is 11013113 - -100230?
11120003
In base 7, what is 43 + -1416315?
-1416242
In base 10, what is -637272 - 12?
-637284
In base 16, what is 5fab5 + 7f?
5fb34
In base 7, what is -112230545 + -4?
-112230552
In base 6, what is 510 + -300025555?
-300025045
In base 8, what is -6314652522 - 1?
-6314652523
In base 15, what is -19 + -366730?
-366749
In base 6, what is 0 + -2005032401?
-2005032401
In base 5, what is 34 + -100421043?
-100421004
In base 11, what is 4 - -49519574?
49519578
In base 8, what is 330 - 1351004?
-1350454
In base 7, what is 441313 - 1515?
436465
In base 10, what is 5 - 11143978?
-11143973
In base 11, what is 25a69 + 17?
25a85
In base 15, what is -43 + 18040?
17eec
In base 7, what is 114001 + -2200?
111501
In base 3, what is 1102101222112 - -11021?
1102102010210
In base 10, what is 1 + -5649249?
-5649248
In base 16, what is 7cad - 1984?
6329
In base 10, what is -22 - -1005783?
10057